 + 6*f + 3. Calculate the remainder when h(-5) is divided by 25.
23
Let m = -41 - -63. What is the remainder when m is divided by 12?
10
Let c = 4 + 1. Suppose 6*a = 3*j + 2*a - 4, 2*j - 4 = 4*a. Suppose j = r - 4*h - 15, -7 - 5 = -c*r - h. Calculate the remainder when 7 is divided by r.
1
Suppose -3*h = -0*h - 105. Suppose 0 = 2*d - h + 7. What is the remainder when 55 is divided by d?
13
Let p(k) = 4*k + 3. Calculate the remainder when p(5) is divided by (9/(-3) - -11)/1.
7
Suppose 3*x + 2*x = 0. Suppose -3*d = 5*q - 1, -10 = -4*d - x*q + 2*q. Suppose d*t = -2*f + 16, t + t + 8 = 4*f. Calculate the remainder when t is divided by 3.
1
Suppose -7*z + 166 + 149 = 0. Calculate the remainder when z is divided by 24.
21
Calculate the remainder when 38 is divided by 9 + 2/2 + (2 - 2).
8
Let a(y) = -6*y - 15. What is the remainder when a(-11) is divided by 18?
15
Let h = 140 + -126. What is the remainder when 207 is divided by h?
11
Let h = -129 + 302. What is the remainder when h is divided by 16?
13
Suppose -4*n + 190 = 5*x, -x + 45 - 7 = -4*n. Let t = 11 + 2. Calculate the remainder when x is divided by t.
12
Let w = 8 - 5. Suppose 0 = 4*j - w*j - 14. Let c = j + 11. Calculate the remainder when c is divided by 9.
7
Suppose 9*l + 5*u = 4*l + 5, -4*u - 5 = l. Suppose -4*i + 6 = 4*h - 2, h - 8 = i. What is the remainder when h is divided by l?
2
Let o be ((-3)/(-4))/((-3)/(-12)). Let q(b) = -o*b + 4*b - 10 + b. What is the remainder when 40 is divided by q(12)?
12
Suppose -2*s - 42 = r - 6*s, -168 = 4*r - 2*s. Calculate the remainder when (-21)/(-2)*(-72)/r is divided by 10.
8
Let p(c) = -3*c**3 - 3*c**2 + 1. Calculate the remainder when 24 is divided by p(-2).
11
Let u(z) = -z - 7. Let i be u(-6). Let k(x) = -9*x - 8. What is the remainder when k(-6) is divided by 252/16 + i/(-4)?
14
Suppose 12 = t + 2*p, 0 = -4*t + 3*p + 2*p + 48. Let q be (-9)/t*(0 + -44). Suppose -4*i + q + 27 = 0. What is the remainder when 44 is divided by i?
14
Let g(v) = -7*v - 18. Calculate the remainder when 82 is divided by g(-5).
14
What is the remainder when (-4)/(-1) + 4*(-345)/(-10) is divided by 29?
26
Let p(t) = -3*t - 1. Calculate the remainder when 41 is divided by p(-4).
8
Suppose 135*x - 134*x = 31. What is the remainder when x is divided by 9?
4
Suppose 6*q - 10 = 2. Suppose q*f - f = 10. Calculate the remainder when 39 is divided by f.
9
Suppose -82 = 5*b - 532. Calculate the remainder when b is divided by 46.
44
Let c = 2 + 0. Suppose 3*y + k = 4*k - 9, 29 = c*y + 5*k. Let j = y - 0. Calculate the remainder when 2 is divided by j.
0
Let x(l) = 19*l - 10. What is the remainder when x(1) is divided by 1?
0
Let j = 50 + -35. Calculate the remainder when 71 is divided by j.
11
Suppose -d = -17*d + 16. What is the remainder when 2 is divided by d?
0
Calculate the remainder when 1/(8/2) - 295/(-20) is divided by 6.
3
Let d be (-10)/3 - 1/(-3). Calculate the remainder when 42 - 0 - (d + 4) is divided by 14.
13
Let v = -8 - -42. Let l = -1317 - -1326. What is the remainder when v is divided by l?
7
Let s(a) = -13*a**2 + 4*a**3 - 7 - 5*a + 0 - 6*a + a. Let c(t) = -t**3 + t**2 + t. Let y(l) = -5*c(l) - s(l). What is the remainder when y(-7) is divided by 11?
10
What is the remainder when 125 is divided by (-422)/(-10) + (-4)/20?
41
Let s = 0 - -3. Let g = s + 0. Calculate the remainder when g is divided by 3.
0
Suppose 2*o = -0*o + 24. What is the remainder when 46 is divided by o?
10
Suppose -5*n + 2*x = -571, -4*n + 0*x + x + 458 = 0. Suppose 5*c + w - n = 0, 3*c - 2*w = 60 + 22. What is the remainder when c is divided by 9?
6
Let h = -37 + 41. Calculate the remainder when h is divided by (-2)/(-9) + 16/9.
0
Let o = -23 + 16. Calculate the remainder when 12 is divided by (-2)/o - 57/(-21).
0
Suppose 5*b - 3 = v, 7 = 4*v - 3*v + 5*b. Suppose -2*i + v = -i. What is the remainder when 6 is divided by i?
0
Let s(i) = -5*i**3 - i**2. Let v be s(-1). Suppose -v*u = 4*h - 36, -h + 0*h = -5*u - 9. What is the remainder when h is divided by 6?
3
Calculate the remainder when 42 is divided by 24 + -2*(-1)/(-2).
19
Let t(q) = -q**3 - 8*q**2 + 9*q + 4. Let n be t(-9). Calculate the remainder when (-20)/(-15)*174/n is divided by 15.
13
Let t(v) = v**2 - 3*v + 4. Suppose 68 = 6*l - 178. Calculate the remainder when l is divided by t(5).
13
Let o = -617 + 630. Suppose 0 = 7*l - 3*l - 204. What is the remainder when l is divided by o?
12
Let m = -13 - -3. Let y = m + 13. What is the remainder when 7 is divided by y?
1
Let v be (3/(-6))/((-6)/60). Suppose v*d - 5*x - 62 + 17 = 0, d = -x + 1. Suppose -3*u = 2*u - 40. Calculate the remainder when u is divided by d.
3
Let i = 5 + 4. Suppose 3*f = -5*v, 5*v + 2*f + 2*f = -5. Calculate the remainder when i is divided by v.
0
Let i(j) = 5*j. Let p = 92 + -65. What is the remainder when p is divided by i(3)?
12
Let o = 2 + -2. Suppose 0 = -2*j + 2*r + 42, -3*j = -o*r - r - 61. Calculate the remainder when 59 is divided by j.
19
Let h(k) = -3*k + 4. Calculate the remainder when 63 is divided by h(-6).
19
Suppose -8*f + 5*f - 2*v = -136, -4*v + 42 = f. What is the remainder when f is divided by 12?
10
Suppose -2*f + 90 = 3*f. Suppose 0 = -2*s - l + 15, -l = 3*s - 7 - f. What is the remainder when 19 is divided by s?
9
Let k be (-5)/1*6/(-10). Let y = k - 1. Let n(j) = j - 2. Calculate the remainder when n(5) is divided by y.
1
Let b(q) = 3*q**2 - 6*q - 9. Calculate the remainder when b(6) is divided by 13.
11
Let q = -10 + 25. Let s be ((-441)/q + -1)*-5. Suppose 0*o = -4*o + s. Calculate the remainder when o is divided by 13.
12
Suppose 5*w - 36 = -4*a, w + w - 4 = a. Suppose -t + 47 = -3*q, -4*q + 61 = a*t - 3*t. Calculate the remainder when t is divided by 14.
11
Let f(j) = 2*j + 4. Let b be f(-3). What is the remainder when 19 is divided by 34/3 - b/(-6)?
8
Let o(a) = 9*a**2 - 4*a + 5. What is the remainder when o(3) is divided by 19?
17
Suppose 52 = -6*u + 202. Calculate the remainder when u is divided by 13.
12
Suppose -o + 81 = -2*s + 4*s, o = 1. Let d = -3 + 17. What is the remainder when s is divided by d?
12
Let p(n) = 3*n**2 - 2*n + 1. Calculate the remainder when p(-3) is divided by (-68)/(-6) - 12/(-18).
10
Let l = 2 + 10. Let s = -364 + 371. Calculate the remainder when l is divided by s.
5
Let f(x) = -x - 2. Let u be f(-5). Let w be -1 + 4 + -3 + u. Suppose w*t = -2 + 89. Calculate the remainder when t is divided by 10.
9
Let m = 28 - -19. Suppose h + 0*h = 5, -3*n + 5*h + 23 = 0. What is the remainder when m is divided by n?
15
Suppose 0 = -16*i - 4*i + 400. What is the remainder when 75 is divided by i?
15
What is the remainder when 18/(-27)*345/(-2) is divided by 39?
37
Suppose 5*v + r + 2 - 224 = 0, -5*r + 165 = 4*v. Let j = 13 + -16. Calculate the remainder when v is divided by (-1)/(j + (-70)/(-24)).
9
Let x = 26 + -8. Suppose -88 + 252 = 5*c + 3*f, -3*c + 96 = 3*f. What is the remainder when c is divided by x?
16
Suppose 2*l + 0 - 20 = 0. Suppose 0 = -g + 1, 0 = -2*c + 5*c - 2*g - l. Calculate the remainder when 10 is divided by c.
2
Let l = 32 + 7. Calculate the remainder when 76 is divided by l.
37
Let l = -147 + 227. Suppose 4*i + 19 = z, 4*z + 2*i = 7*i + 98. Calculate the remainder when l is divided by z.
26
Calculate the remainder when 125 is divided by (-124)/(-6) - 3/(-9).
20
Suppose 0 = 4*p - 0*p - 40. Let y = p + -5. Suppose -3*n = -y*g + 268, -108 = -5*g + 3*g + 2*n. Calculate the remainder when g is divided by 14.
11
Let q(w) = w**2 + 4*w - 10. Calculate the remainder when q(-8) is divided by 8.
6
Let j(h) = 4*h - 1. Let u be j(1). Suppose -26 = -u*x + x. Suppose -q - 3*q = -20. Calculate the remainder when x is divided by q.
3
Calculate the remainder when (-10)/(-4)*(-132)/(-6) is divided by 14.
13
Let v = -3 + 5. Suppose v*i = 7*i. Suppose h = -i*h + 6. Calculate the remainder when 16 is divided by h.
4
Let q(n) = n**3 + 3*n**2 - 10*n + 11. What is the remainder when q(-5) is divided by 4?
3
Let o(g) = g**3 - 15*g**2 + 3. Suppose -3*u + 5 = -4. Calculate the remainder when o(15) is divided by u.
0
Let a(l) = -l**2 + 2*l**2 + 12 + 15*l + 0*l**2. Calculate the remainder when 59 is divided by a(-15).
11
Let q(y) be the first derivative of y**2/2 + 2*y + 3. Calculate the remainder when 16 is divided by q(7